 8.
4
Let a(c) = -c**3 - 77*c**2 - 132*c + 1490. Let z be a(-75). Let s be 241/4 + (-2)/8. What is the greatest common factor of s and z?
20
Let f(m) = 12*m**3 - 3*m**2 + 3*m. Let y be f(1). Suppose -5*w + 42 = 192. Let q be ((-108)/10)/(3/w). Calculate the greatest common divisor of q and y.
12
Let c = 9762 - 9544. Calculate the greatest common divisor of c and 3706.
218
Suppose 2*h + v - 191 = 0, 4*h - 109 = v + 282. Suppose -2*q = -6, 0 = -3*f + q + 172 - h. Calculate the greatest common divisor of 442 and f.
26
Let f(u) be the third derivative of -5*u**4/8 - 29*u**3 + 128*u**2. Let s be f(-16). What is the greatest common divisor of s and 66?
66
Let u be ((-4)/3)/((-4)/(-162)). Suppose 15*o = 977 - 47. Let p = o + u. What is the highest common factor of p and 4?
4
Suppose 0 = -3*b + 4*j + 50, -5*j - 34 = 177*b - 176*b. Calculate the highest common factor of 24 and b.
6
Let g = 6128 - 4113. What is the highest common divisor of g and 310?
155
Let p(a) = a**3 - 5*a**2 - 3*a - 38. Let v be p(7). Let g(c) = -c**3 + 4*c**2 + 7*c - 7. Let m be g(5). Calculate the greatest common factor of m and v.
3
Let d(m) = -m - 1. Let i(z) = 31*z + 62. Let q(s) = -3*d(s) - i(s). Let r be q(-3). Calculate the greatest common divisor of r and 250.
25
Let a = 115 + -59. Suppose 4*l - 360 - a = 0. What is the greatest common divisor of 24 and l?
8
Suppose -52 = 4*y + 5*s, 0 = -13*y + 14*y + s + 14. Let n be y*8*350/(-42). Calculate the highest common divisor of 24 and n.
24
Let b = 1131 - 403. Calculate the highest common divisor of b and 32.
8
Let n(h) = 3*h**2 + 5*h + 2. Let c be n(-4). Let v = 10447 - 10387. Calculate the greatest common factor of c and v.
30
Let d(y) be the second derivative of 3*y**3/2 - 7*y. Let m be d(-5). Let i = 46 + m. Calculate the greatest common factor of 5 and i.
1
Suppose 3*c = 31 + 68. Suppose w = -5*w - 426. Let v = -49 - w. Calculate the greatest common factor of c and v.
11
Let z(l) = 4*l**2 + 2*l + 35. Let p be z(-8). Let j = -60 + 31. Let c = j + 54. Calculate the greatest common factor of p and c.
25
Suppose x - 1 = -4*m + 11, -3*x + 4*m + 36 = 0. Suppose x*q - 348 = 9*q. What is the greatest common divisor of q and 174?
58
Suppose 4*r + 0*g = -g + 1147, r - 308 = 4*g. Suppose 4*x + 40 = 56, -z = 4*x - r. What is the highest common divisor of 64 and z?
16
Let j be ((-1311)/76 - -18) + -1*276/(-16). Let v be 18*1*2/2. What is the greatest common divisor of v and j?
18
Let z be (-1260)/(-350)*20/6. What is the highest common factor of z and 636?
12
Let t(s) = s + 115. Let f be t(-24). Let d = f + -28. Suppose -2*a = -21 + 3. What is the greatest common factor of a and d?
9
Suppose 47*a - 144870 = 7*a + 7*a. Calculate the greatest common factor of a and 70.
10
Let i = -34 + 37. Suppose u - 2 = i. Suppose -33 = -u*n + c, -8 = 3*c - 7*c. What is the highest common factor of 77 and n?
7
Suppose 3*m + 1 = -2*l, -4*l + 5*m + 35 = l. Suppose -4*f - r + 123 = -2*r, 120 = l*f - 4*r. What is the greatest common divisor of f and 248?
31
Suppose 5*p + 134 = 4*b, 0 = 2*p + 3*b - b + 50. Let d = 318 + -407. Let c = p - d. What is the highest common factor of c and 7?
7
Suppose 4*b = -5*x + 209, 0*x - 4*b = 3*x - 119. Let l = -29 + x. Calculate the highest common factor of 208 and l.
16
Suppose 130*j - 136*j + 4752 = 0. Let s be (-6 - -4 - 1) + 91. What is the greatest common factor of s and j?
88
Let a be -65 - 8*-5*2/(-20). Let b = a + 85. What is the highest common factor of b and 176?
16
Let g be 11*(3 + 1*-2). Let n = 652946 + -651703. Calculate the greatest common divisor of g and n.
11
Suppose 59*t + 1171 = 6717. What is the greatest common factor of 1457 and t?
47
Suppose -388 = 257*v - 258*v. Calculate the highest common divisor of v and 2134.
194
Suppose -2*w + 28 = 4. Let j(x) = 8*x**2 + 12. Let a be j(3). What is the greatest common factor of a and w?
12
Let y(u) = -243*u - 481. Let d be y(-2). What is the greatest common factor of d and 860?
5
Let x(t) be the second derivative of 23*t**3 - 29*t**2/2 - t + 78. Let i be x(3). Calculate the greatest common factor of 231 and i.
77
Let y(x) = 24 - x**2 - 12*x + 4*x**2 - x**2. Suppose 210*c + 27*c - 2971 + 1312 = 0. Let g be y(c). What is the greatest common divisor of 38 and g?
38
Let d be (-6)/(-1) + 22/(12 - 1). Suppose d*u + 50 = 250. What is the greatest common factor of u and 1?
1
Let z = -4086 + 4118. What is the highest common factor of 2032 and z?
16
Suppose 3*k = -3*f - 171, 5*k - 5*f - 40 = -285. Let y = k - -56. Suppose -2*m - 2*m = -y*n - 36, n = 4*m - 36. What is the highest common factor of 27 and m?
9
Let o be ((-5)/(-45))/((-6)/(-54)). Let l be (-6 + 3)/(o + 52/(-50)). Calculate the greatest common divisor of 525 and l.
75
Let y = 652 - 1128. Let z be (-45)/(-30)*y/(-6). Let r = 2 - -15. What is the highest common factor of r and z?
17
Suppose -249 = -6*j - 4*c + 7*c, 0 = 2*j + 5*c - 65. Suppose 0 = -2*f - 0*f + 8. Suppose 0 = -3*u + f*u - 360. What is the greatest common factor of j and u?
40
Let b = -7678 + 7713. What is the greatest common divisor of b and 3409?
7
Suppose -4*r - 1256 = -656. Let c be -4 + 5 + (2 - r)/1. What is the highest common factor of c and 102?
51
Let d be 7/(-4) + (-1099131)/(-836). Calculate the highest common divisor of 101 and d.
101
Let z(r) = -165*r + 1219. Let a be z(-23). What is the highest common factor of a and 46?
46
Let p be ((-3)/5)/((-2)/30). Let l = 10 - p. Let s = 18 - l. What is the greatest common factor of 51 and s?
17
Let d be (9 + 1 - 9)*(0 + -155). Let a = -153 - d. What is the highest common divisor of a and 10?
2
Let c(k) = 12*k - 24. Let z(d) = -95*d + 190. Let m(l) = -25*c(l) - 3*z(l). Let v be m(-6). Calculate the greatest common divisor of v and 48.
24
Let x(w) = -35 - 3*w**2 + 2*w**2 - 1171*w + 1157*w. Let g be x(-7). What is the highest common factor of g and 378?
14
Suppose 5*t - 2*d + 0*d - 56850 = 0, -5*t = 4*d - 56820. What is the highest common divisor of t and 196?
196
Let z be 3*(0 - -1)*(-5 + 24). Suppose -45*q - 240 = -z*q. Calculate the greatest common divisor of q and 160.
20
Let t(l) = 39*l**2 + 77*l + 525. Let o be t(-8). Calculate the highest common divisor of o and 130.
65
Suppose 0 = -112*i + 115*i - 126. Calculate the greatest common divisor of 6573 and i.
21
Let d be 2*-2 - (620 - (1 + 8)). Let f = 618 + d. Calculate the highest common factor of 24 and f.
3
Suppose -17*o - 14982 = -35164 - 33980. What is the greatest common factor of o and 118?
118
Suppose -1046*c = -1042*c + 2*n - 31522, -5*c + 3*n + 39419 = 0. Calculate the greatest common factor of c and 21.
7
Let t = 855 - 846. Suppose -u - 2*z + t = 0, -3*z + 30 = 5*u - 22. Let l be (-12 - -1)/(2/(-22)). Calculate the greatest common factor of l and u.
11
Let v(l) = 6*l**2 - 2*l - 2. Let t be v(2). Suppose 1 = 3*s - h, 0 = s + 20*h - 17*h - 17. Suppose -z + t = s. Calculate the highest common factor of z and 64.
16
Let s(o) = 6*o - 5. Let k(q) = 17*q - 15. Let h(l) = 4*k(l) - 11*s(l). Let j be h(6). What is the greatest common factor of 77 and j?
7
Let q be ((8/10 + -1)*-36)/((-2230)/(-39025)). What is the greatest common factor of q and 2205?
63
Suppose -w + 2834 = 12*w. Let l be (-4)/(-22) - w/(-11). Suppose -4*i + 48 = -l. What is the greatest common divisor of 85 and i?
17
Suppose -2*g - 4*c + 330 = 0, -3 - 9 = 4*c. Let b be 1126/12 + -5 + (-124)/(-24). Let n = b + -75. Calculate the greatest common divisor of n and g.
19
Let q = 3915 + -2475. Let x be (-1220)/(-25) + -9 - (-2)/10. Calculate the highest common divisor of x and q.
40
Let l(w) = -w**3 + 18*w**2 + 22*w + 26. Let x be l(19). Suppose -x = 3*z - 311. Let c = -56 + z. What is the highest common divisor of 10 and c?
10
Let l(j) = 43*j**2 - 53*j + 53*j**2 - 201 - 95*j**2. Let d be l(57). Let z = -42 + 69. What is the greatest common divisor of d and z?
27
Suppose 259 + 55 = -2*k. Suppose 6*c - 105 = -1443. Let t = k - c. Calculate the highest common divisor of t and 33.
33
Let l be 3128/24*(11 + 7). Calculate the greatest common factor of l and 612.
102
Let r = -13 + 22. Let n be (27/(-4))/(r/(-432)). What is the greatest common divisor of 24 and n?
12
Let z = -102 + -115. Let t = z + 225. Calculate the highest common factor of t and 104.
8
Let w = 390 + -382. Calculate t